w - f. Let q be 1/(1*(3 - w/15)). Calculate the greatest common divisor of 25 and q.
5
Let c = -43064 + 43808. What is the highest common divisor of 528 and c?
24
Suppose -2*c = -5*c + 63. Let a be 125/25 - (0 + -309). Let x = a - 311. Calculate the highest common factor of c and x.
3
Let c = 6218 - 4708. What is the greatest common factor of c and 5?
5
Suppose -480 = -111*f + 107*f. Let c be (-5)/(-4 + (-11)/(-3)). What is the greatest common divisor of c and f?
15
Suppose j - 582 + 581 = 0, g = 5*j + 208. What is the highest common factor of 14697 and g?
213
Let i be 1/(48/963) - 49/784. Let z(a) = -17*a - 21. Let b be z(-23). What is the highest common factor of b and i?
10
Suppose 7*v + 2*v = 0. Suppose 4*g = 16, 4*p + 2*g + v*g = 284. Let d = -48 + p. What is the greatest common divisor of 14 and d?
7
Suppose 5*t - 126 - 124 = 0. Suppose 0 = 188*g - 198*g + t. What is the greatest common factor of g and 235?
5
Suppose 10*z - 92687 = -91*z + 17201. What is the greatest common factor of z and 192?
64
Suppose 0 = -f + 2*n + 10, 5*f = -0*f + 5*n + 50. Suppose -41*k = -43*k + 180. Let v = 105 - k. What is the greatest common factor of f and v?
5
Let r be 15/(-45) - (-6051)/9. Suppose 18*v = -10*v + r. What is the highest common divisor of 228 and v?
12
Let w(c) = 349*c**2 + 4*c - 4. Let u be w(-2). Let i be u/40 - (-2 - 8/(-5)). Let k be (-24)/(-108) + 250/9. What is the highest common divisor of i and k?
7
Let g be (1344/20)/((-3)/(-15)). Suppose g = -0*d + 4*d. Suppose -4410 - 14490 = -150*j. Calculate the greatest common factor of j and d.
42
Let u be 59/((-236)/48)*218/(-6). Calculate the highest common factor of u and 32.
4
Let q(y) = 1. Let b(o) = 4*o + 91. Let j(x) = b(x) - 4*q(x). Let f be j(-8). Calculate the highest common factor of f and 22.
11
Let v(i) be the third derivative of 5*i**4/24 + 6*i**3 + i**2. Let r be v(0). What is the greatest common divisor of 360 and r?
36
Suppose -32*g + 26*g + 12 = 0. Suppose 0 = 4*k, -g*t - 36 = -5*t + 2*k. What is the highest common divisor of 42 and t?
6
Let d = -229 - -207. Let m be (-1206)/d - 16/(-88). What is the highest common factor of 11 and m?
11
Let c(k) = -k**3 - 13*k**2 + 8*k - 24. Suppose -5*b - 56 = -b. Let w be c(b). Suppose -6*l = -9*l + w. What is the greatest common divisor of 5 and l?
5
Let l be 1032/9*(-318)/(-848). What is the highest common divisor of l and 301?
43
Let q = 16 + -5. Suppose -2*c - 196 = 2050*t - 2052*t, 0 = 6*t - c - 538. What is the highest common factor of q and t?
11
Let r = 51 - 49. Suppose 0 = 3*f - 4*f + 18. Suppose 3*y - f = -n, -2*n - 4*y - 36 = -4*n. What is the highest common divisor of n and r?
2
Let m be 0 - 2 - (-3)/(3/4). Suppose m = 20*t - 19*t. What is the greatest common divisor of 8 and t?
2
Let l(k) = 5*k**2 + 18*k - 4357. Let f be l(-58). Calculate the greatest common divisor of 19 and f.
19
Let j(u) = -4*u + 50. Let n be j(10). Suppose -r + n = 4*r, 3*t - 4*r = 202. Calculate the highest common divisor of 30 and t.
10
Let l(w) = -w**3 + w**2 + 2*w + 2. Let j be l(-2). Let h = j + -7. Let q(z) = z**3 - 3*z**2 + 1. Let m be q(3). What is the highest common factor of h and m?
1
Let p = -12 + 18. Let h(d) = -10*d**2 + 9*d + 8*d**2 + p*d - 12. Let n be h(6). Calculate the greatest common divisor of n and 66.
6
Let b(h) be the second derivative of -h**4/12 - 7*h**3/3 - 19*h**2 - 11*h. Let f be b(-9). Let l = 125 + -48. What is the greatest common divisor of l and f?
7
Let n be (-9)/(-2)*(13 + -9). Suppose -2*k + 131 = 2*y - 7*k, -4*y = 2*k - 250. Calculate the greatest common factor of n and y.
9
Suppose 4*a - 2055 = -16*t + 11*t, -5*a - 4*t + 2562 = 0. Calculate the highest common factor of 380 and a.
10
Let h be (-117)/(-130)*928 + 30/(-25). What is the highest common factor of h and 12?
6
Suppose 0 = 4*l + 5*p - 257, l + 8*p = 13*p + 83. Calculate the greatest common factor of 3604 and l.
68
Let f(y) = y**3 + 10*y**2 - 2*y - 3. Let o be f(-9). Let h = 177 - o. Let q be 21*(-8 - -4)*(-9)/84. What is the highest common divisor of q and h?
9
Let n(y) be the second derivative of 10*y**3/3 + 56*y**2 + 7*y. Let a be n(-5). What is the greatest common divisor of 96 and a?
12
Let u(b) = b**3 + 13*b**2 - 106*b - 74. Let a be u(-18). Calculate the highest common divisor of a and 6955.
107
Suppose 2 = 3*b - 13. Let s = -792 + 768. Let y = 29 + s. Calculate the greatest common factor of b and y.
5
Let a(i) = 56*i - 291. Let r be a(43). Calculate the greatest common divisor of 73 and r.
73
Let w be (-1 - 3005)/((-450)/108 + 4). Calculate the highest common divisor of w and 12.
12
Suppose -654*r = -679*r + 2700. Calculate the highest common divisor of r and 5886.
54
Let o(l) = 105*l + 1900. Let j be o(-18). What is the greatest common divisor of j and 8210?
10
Let x = 8015 - 8006. What is the highest common factor of x and 6651?
9
Let o be 1 + 440 + (-1 - -1). Suppose -171091 = 39*g - 173002. Calculate the greatest common factor of o and g.
49
Let w(d) = 15*d**2 - 29*d - 51. Let n be w(15). What is the greatest common factor of 27 and n?
27
Suppose 243579 + 393183 - 178103 = 73*g. Calculate the highest common factor of g and 412.
103
Let r = 6820 - -26. Suppose 0 = -26*o + r + 4308. Calculate the highest common divisor of o and 26.
13
Suppose 25*h - 1552 = -17*h + 8024. Calculate the highest common divisor of 342 and h.
114
Suppose 14*q + 176 + 1686 = 0. Let p = -111 - q. Suppose 2*y = -2*y + 88. Calculate the highest common divisor of p and y.
22
Let y be (-19)/(-6) + (-62)/372. Suppose 8*g + y - 67 = 0. What is the greatest common divisor of g and 304?
8
Let k(c) = c**3 - 5*c**2 + 10*c + 3. Let y be k(8). Suppose -42*w = -47*w + y. Let q = 10 - 5. What is the highest common divisor of q and w?
5
Suppose -46*i - 4300 = -4*r - 43*i, 3*r - 3242 = -2*i. Calculate the greatest common divisor of 352 and r.
22
Suppose 60 = 2*c + 11*t - 14*t, -192 = -8*c + 4*t. Calculate the highest common factor of 1603 and c.
7
Let f(c) = -c**2 - 17*c - 38. Let r be f(-8). Let k = -9 - -10. Let z be k/(-2) - (-820)/8. What is the greatest common divisor of z and r?
34
Let c(r) = r**2 - 3*r - 56. Let a be c(-9). Let q be (a/(-8) + 8)/(2/36). What is the highest common factor of q and 243?
27
Let b = 38 + -12. Suppose -3*d + b = -10. What is the greatest common divisor of d and 3?
3
Suppose 8*z - 22*z = 0. Suppose -2*u + 14 = -z. Suppose 2*a + 1670 = u*a + 5*v, -5*v + 20 = 0. Calculate the greatest common divisor of 33 and a.
33
Let b be 0/13 + 84/14. What is the greatest common divisor of b and 5466?
6
Suppose 6*r - 26 = 28. Let i = -204 + 294. Calculate the highest common divisor of i and r.
9
Suppose m + 180*z = 175*z + 134, 4*m - 536 = -4*z. What is the highest common factor of m and 3417?
67
Let p = 35 - 38. Let v = 33 + p. Calculate the highest common factor of v and 20.
10
Suppose -264 - 6554 = -14*r. Let t = r + -439. Calculate the highest common factor of 208 and t.
16
Suppose -63 = -23*b + 75. Let x(c) = c**3 + 5*c**2 - 61*c - 6. Let a be x(b). Calculate the highest common divisor of a and 192.
24
Let q be 2 + 492/8*2/3. Suppose 4*c + q - 11 = 0. Let x = 43 + c. What is the highest common divisor of 140 and x?
35
Let i be 12*(11 + 473/(-44) + 12). Calculate the greatest common divisor of 4851 and i.
147
Suppose 34*j - 30 = 29*j. Let g be (j - 8)*(0 + -1)*4. Calculate the greatest common factor of 1 and g.
1
Suppose 2*b + 52 = 2*q, -394*q - 2*b = -391*q - 68. What is the greatest common factor of 824 and q?
8
Suppose 391 = 29*d - 12*d. Let z(c) = -d*c - 23*c + 40 + 43*c. Let g be z(4). Calculate the highest common factor of g and 224.
28
Let m(z) = z**3 - 29*z**2 + 28*z + 91. Suppose -5*d + 48 = 6*t - 5*t, 3*t - d = 80. Let k be m(t). Calculate the highest common factor of 7 and k.
7
Let h(n) = n**3 + 5*n**2 - n - 58. Let x be h(-9). Let s = -367 - x. What is the highest common divisor of 5 and s?
1
Let l = -98 - -105. Suppose 4*o = 3*v - 110, -4*o = -l*v + 9*v - 40. What is the greatest common factor of v and 390?
30
Let t = 2414 - -3122. What is the highest common divisor of 128 and t?
32
Let f be 11 + -14 + 24*1. Suppose 9 = -2*k - 2*q + f, 0 = -3*k + 3*q + 42. Calculate the greatest common factor of 80 and k.
10
Suppose 3*s = -0*s + 42. Let q be ((-20)/(-5))/